{"id":3272,"date":"2024-07-29T22:22:53","date_gmt":"2024-07-29T22:22:53","guid":{"rendered":"https:\/\/www.ufasta.edu.ar\/observatorio1\/?page_id=3272"},"modified":"2024-08-27T21:32:33","modified_gmt":"2024-08-27T21:32:33","slug":"consultoria","status":"publish","type":"page","link":"https:\/\/www.ufasta.edu.ar\/observatorio\/servicios-2\/consultoria\/","title":{"rendered":"Consultor\u00eda"},"content":{"rendered":"\t\t<div data-elementor-type=\"wp-page\" data-elementor-id=\"3272\" class=\"elementor elementor-3272\" data-elementor-settings=\"[]\">\n\t\t\t\t\t\t\t<div class=\"elementor-section-wrap\">\n\t\t\t\t\t\t\t<section class=\"has_ma_el_bg_slider elementor-section elementor-top-section elementor-element elementor-element-0646dc3 elementor-section-full_width elementor-section-stretched elementor-section-height-default elementor-section-height-default wpr-particle-no wpr-jarallax-no wpr-parallax-no wpr-sticky-section-no\" data-id=\"0646dc3\" data-element_type=\"section\" data-settings=\"{&quot;stretch_section&quot;:&quot;section-stretched&quot;}\">\n\t\t\t\t\t\t<div class=\"elementor-container elementor-column-gap-no\">\n\t\t\t\t\t<div class=\"has_ma_el_bg_slider elementor-column elementor-col-100 elementor-top-column elementor-element elementor-element-79dfe16\" data-id=\"79dfe16\" data-element_type=\"column\">\n\t\t\t<div class=\"elementor-widget-wrap elementor-element-populated\">\n\t\t\t\t\t\t\t\t<div class=\"elementor-element elementor-element-77e83a6 elementor-widget elementor-widget-html\" data-id=\"77e83a6\" data-element_type=\"widget\" data-widget_type=\"html.default\">\n\t\t\t\t<div class=\"elementor-widget-container\">\n\t\t\t\n<div id=\"rev_slider_4_1_wrapper\" class=\"rev_slider_wrapper fullwidthbanner-container\" data-source=\"gallery\" style=\"margin:0px auto;background-color:transparent;padding:0px;margin-top:0px;margin-bottom:0px;\">\n<!-- START REVOLUTION SLIDER 5.3.1.5 auto mode -->\n\t<div id=\"rev_slider_4_1\" class=\"rev_slider fullwidthabanner\" style=\"display:none;\" data-version=\"5.3.1.5\">\n<ul>\t<!-- SLIDE  -->\n\t<li data-index=\"rs-9\" data-transition=\"fade\" data-slotamount=\"default\" data-hideafterloop=\"0\" data-hideslideonmobile=\"off\"  data-easein=\"default\" data-easeout=\"default\" data-masterspeed=\"300\"  data-rotate=\"0\"  data-saveperformance=\"off\"  data-title=\"Slide\" data-param1=\"\" data-param2=\"\" data-param3=\"\" data-param4=\"\" data-param5=\"\" data-param6=\"\" data-param7=\"\" data-param8=\"\" data-param9=\"\" data-param10=\"\" data-description=\"\">\n\t\t<!-- MAIN IMAGE -->\n\t\t<img src=\"https:\/\/www.ufasta.edu.ar\/observatorio\/files\/2024\/05\/FONDO-ASESORIA-INFORMADA-scaled.jpg\"  alt=\"\" title=\"FONDO ASESORIA INFORMADA\"  width=\"2560\" height=\"345\" data-bgposition=\"center top\" data-bgfit=\"cover\" data-bgrepeat=\"no-repeat\" class=\"rev-slidebg\" data-no-retina>\n\t\t<!-- LAYERS -->\n\n\t\t<!-- LAYER NR. 1 -->\n\t\t<div class=\"tp-caption   tp-resizeme\" \n\t\t\t id=\"slide-9-layer-1\" \n\t\t\t data-x=\"['center','center','center','center']\" data-hoffset=\"['0','0','0','0']\" \n\t\t\t data-y=\"['middle','middle','middle','middle']\" data-voffset=\"['0','0','0','0']\" \n\t\t\t\t\t\tdata-width=\"none\"\n\t\t\tdata-height=\"none\"\n\t\t\tdata-whitespace=\"nowrap\"\n \n\t\t\tdata-type=\"image\" \n\t\t\tdata-responsive_offset=\"on\" \n\n\t\t\tdata-frames='[{\"delay\":0,\"speed\":600,\"frame\":\"0\",\"from\":\"y:-50px;opacity:0;\",\"to\":\"o:1;\",\"ease\":\"Power3.easeInOut\"},{\"delay\":\"wait\",\"speed\":600,\"frame\":\"999\",\"to\":\"y:50px;opacity:0;\",\"ease\":\"Power3.easeInOut\"}]'\n\t\t\tdata-textAlign=\"['inherit','inherit','inherit','inherit']\"\n\t\t\tdata-paddingtop=\"[0,0,0,0]\"\n\t\t\tdata-paddingright=\"[0,0,0,0]\"\n\t\t\tdata-paddingbottom=\"[0,0,0,0]\"\n\t\t\tdata-paddingleft=\"[0,0,0,0]\"\n\n\t\t\tstyle=\"z-index: 5;\"><img src=\"https:\/\/www.ufasta.edu.ar\/observatorio\/files\/2024\/05\/TEXTO-ASESORIA-INFORMADA.png\" alt=\"\" data-ww=\"['746px','746px','600px','600px']\" data-hh=\"['72px','72px','58','58']\" width=\"746\" height=\"72\" data-no-retina> <\/div>\n\t<\/li>\n<\/ul>\n<div class=\"tp-bannertimer tp-bottom\" style=\"visibility: hidden !important;\"><\/div>\t<\/div>\n<script>var htmlDiv = document.getElementById(\"rs-plugin-settings-inline-css\"); var htmlDivCss=\"\";\r\n\t\t\t\tif(htmlDiv) {\r\n\t\t\t\t\thtmlDiv.innerHTML = htmlDiv.innerHTML + htmlDivCss;\r\n\t\t\t\t}else{\r\n\t\t\t\t\tvar htmlDiv = document.createElement(\"div\");\r\n\t\t\t\t\thtmlDiv.innerHTML = \"<style>\" + htmlDivCss + \"<\/style>\";\r\n\t\t\t\t\tdocument.getElementsByTagName(\"head\")[0].appendChild(htmlDiv.childNodes[0]);\r\n\t\t\t\t}\r\n\t\t\t<\/script>\n\t\t<script type=\"text\/javascript\">\r\n\t\t\t\t\t\t\/******************************************\r\n\t\t\t\t-\tPREPARE PLACEHOLDER FOR SLIDER\t-\r\n\t\t\t******************************************\/\r\n\r\n\t\t\tvar setREVStartSize=function(){\r\n\t\t\t\ttry{var e=new Object,i=jQuery(window).width(),t=9999,r=0,n=0,l=0,f=0,s=0,h=0;\r\n\t\t\t\t\te.c = jQuery('#rev_slider_4_1');\r\n\t\t\t\t\te.responsiveLevels = [1240,1024,778,778];\r\n\t\t\t\t\te.gridwidth = [2560,960,768,481];\r\n\t\t\t\t\te.gridheight = [345,400,400,700];\r\n\t\t\t\t\t\t\t\r\n\t\t\t\t\te.sliderLayout = \"auto\";\r\n\t\t\t\t\tif(e.responsiveLevels&&(jQuery.each(e.responsiveLevels,function(e,f){f>i&&(t=r=f,l=e),i>f&&f>r&&(r=f,n=e)}),t>r&&(l=n)),f=e.gridheight[l]||e.gridheight[0]||e.gridheight,s=e.gridwidth[l]||e.gridwidth[0]||e.gridwidth,h=i\/s,h=h>1?1:h,f=Math.round(h*f),\"fullscreen\"==e.sliderLayout){var u=(e.c.width(),jQuery(window).height());if(void 0!=e.fullScreenOffsetContainer){var c=e.fullScreenOffsetContainer.split(\",\");if (c) jQuery.each(c,function(e,i){u=jQuery(i).length>0?u-jQuery(i).outerHeight(!0):u}),e.fullScreenOffset.split(\"%\").length>1&&void 0!=e.fullScreenOffset&&e.fullScreenOffset.length>0?u-=jQuery(window).height()*parseInt(e.fullScreenOffset,0)\/100:void 0!=e.fullScreenOffset&&e.fullScreenOffset.length>0&&(u-=parseInt(e.fullScreenOffset,0))}f=u}else void 0!=e.minHeight&&f<e.minHeight&&(f=e.minHeight);e.c.closest(\".rev_slider_wrapper\").css({height:f})\r\n\t\t\t\t\t\r\n\t\t\t\t}catch(d){console.log(\"Failure at Presize of Slider:\"+d)}\r\n\t\t\t};\r\n\t\t\t\r\n\t\t\tsetREVStartSize();\r\n\t\t\t\r\n\t\t\t\t\t\tvar tpj=jQuery;\r\n\t\t\t\r\n\t\t\tvar revapi4;\r\n\t\t\ttpj(document).ready(function() {\n\t\t\t\tif(tpj(\"#rev_slider_4_1\").revolution == undefined){\n\t\t\t\t\trevslider_showDoubleJqueryError(\"#rev_slider_4_1\");\n\t\t\t\t}else{\n\t\t\t\t\trevapi4 = tpj(\"#rev_slider_4_1\").show().revolution({\n\t\t\t\t\t\tsliderType:\"standard\",\njsFileLocation:\"\/\/www.ufasta.edu.ar\/observatorio\/wp-content\/plugins\/revslider\/public\/assets\/js\/\",\n\t\t\t\t\t\tsliderLayout:\"auto\",\n\t\t\t\t\t\tdottedOverlay:\"none\",\n\t\t\t\t\t\tdelay:9000,\n\t\t\t\t\t\tnavigation: {\n\t\t\t\t\t\t\tonHoverStop:\"off\",\n\t\t\t\t\t\t},\n\t\t\t\t\t\tresponsiveLevels:[1240,1024,778,778],\n\t\t\t\t\t\tvisibilityLevels:[1240,1024,778,778],\n\t\t\t\t\t\tgridwidth:[2560,960,768,481],\n\t\t\t\t\t\tgridheight:[345,400,400,700],\n\t\t\t\t\t\tlazyType:\"none\",\n\t\t\t\t\t\tshadow:0,\n\t\t\t\t\t\tspinner:\"spinner0\",\n\t\t\t\t\t\tstopLoop:\"off\",\n\t\t\t\t\t\tstopAfterLoops:-1,\n\t\t\t\t\t\tstopAtSlide:-1,\n\t\t\t\t\t\tshuffle:\"off\",\n\t\t\t\t\t\tautoHeight:\"off\",\n\t\t\t\t\t\tdisableProgressBar:\"on\",\n\t\t\t\t\t\thideThumbsOnMobile:\"off\",\n\t\t\t\t\t\thideSliderAtLimit:0,\n\t\t\t\t\t\thideCaptionAtLimit:0,\n\t\t\t\t\t\thideAllCaptionAtLilmit:0,\n\t\t\t\t\t\tdebugMode:false,\n\t\t\t\t\t\tfallbacks: {\n\t\t\t\t\t\t\tsimplifyAll:\"off\",\n\t\t\t\t\t\t\tnextSlideOnWindowFocus:\"off\",\n\t\t\t\t\t\t\tdisableFocusListener:false,\n\t\t\t\t\t\t}\n\t\t\t\t\t});\n\t\t\t\t}\n\t\t\t});\t\/*ready*\/\n\t\t<\/script>\r\n\t\t<\/div><!-- END REVOLUTION SLIDER -->\t\t<\/div>\n\t\t\t\t<\/div>\n\t\t\t\t\t<\/div>\n\t\t<\/div>\n\t\t\t\t\t\t\t<\/div>\n\t\t<\/section>\n\t\t\t\t<section class=\"has_ma_el_bg_slider elementor-section elementor-top-section elementor-element elementor-element-7b22113 elementor-section-stretched elementor-section-boxed elementor-section-height-default elementor-section-height-default wpr-particle-no wpr-jarallax-no wpr-parallax-no wpr-sticky-section-no\" data-id=\"7b22113\" data-element_type=\"section\" data-settings=\"{&quot;stretch_section&quot;:&quot;section-stretched&quot;}\">\n\t\t\t\t\t\t<div class=\"elementor-container elementor-column-gap-default\">\n\t\t\t\t\t<div class=\"has_ma_el_bg_slider elementor-column elementor-col-50 elementor-top-column elementor-element elementor-element-934e805\" data-id=\"934e805\" data-element_type=\"column\">\n\t\t\t<div class=\"elementor-widget-wrap elementor-element-populated\">\n\t\t\t\t\t\t\t\t<div class=\"elementor-element elementor-element-1f3fabe elementor-widget elementor-widget-image\" data-id=\"1f3fabe\" data-element_type=\"widget\" data-widget_type=\"image.default\">\n\t\t\t\t<div class=\"elementor-widget-container\">\n\t\t\t<style>\/*! elementor - v3.5.0 - 12-12-2021 *\/\n.elementor-widget-image{text-align:center}.elementor-widget-image a{display:inline-block}.elementor-widget-image a img[src$=\".svg\"]{width:48px}.elementor-widget-image img{vertical-align:middle;display:inline-block}<\/style>\t\t\t\t\t\t\t\t\t\t\t\t<img width=\"640\" height=\"337\" src=\"https:\/\/www.ufasta.edu.ar\/observatorio\/files\/2024\/08\/IMAGENESZOCALO-380X200-03-1.png\" class=\"attachment-large size-large\" alt=\"\" loading=\"lazy\" \/>\t\t\t\t\t\t\t\t\t\t\t\t\t\t\t<\/div>\n\t\t\t\t<\/div>\n\t\t\t\t\t<\/div>\n\t\t<\/div>\n\t\t\t\t<div class=\"has_ma_el_bg_slider elementor-column elementor-col-50 elementor-top-column elementor-element elementor-element-651be7d\" data-id=\"651be7d\" data-element_type=\"column\">\n\t\t\t<div class=\"elementor-widget-wrap elementor-element-populated\">\n\t\t\t\t\t\t\t\t<div class=\"elementor-element elementor-element-180384c elementor-widget elementor-widget-heading\" data-id=\"180384c\" data-element_type=\"widget\" data-widget_type=\"heading.default\">\n\t\t\t\t<div class=\"elementor-widget-container\">\n\t\t\t<style>\/*! elementor - v3.5.0 - 12-12-2021 *\/\n.elementor-heading-title{padding:0;margin:0;line-height:1}.elementor-widget-heading .elementor-heading-title[class*=elementor-size-]>a{color:inherit;font-size:inherit;line-height:inherit}.elementor-widget-heading .elementor-heading-title.elementor-size-small{font-size:15px}.elementor-widget-heading .elementor-heading-title.elementor-size-medium{font-size:19px}.elementor-widget-heading .elementor-heading-title.elementor-size-large{font-size:29px}.elementor-widget-heading .elementor-heading-title.elementor-size-xl{font-size:39px}.elementor-widget-heading .elementor-heading-title.elementor-size-xxl{font-size:59px}<\/style><h3 class=\"elementor-heading-title elementor-size-default\">Asesor\u00eda Informada<\/h3>\t\t<\/div>\n\t\t\t\t<\/div>\n\t\t\t\t<div class=\"elementor-element elementor-element-b893b58 elementor-widget elementor-widget-text-editor\" data-id=\"b893b58\" data-element_type=\"widget\" data-widget_type=\"text-editor.default\">\n\t\t\t\t<div class=\"elementor-widget-container\">\n\t\t\t<style>\/*! elementor - v3.5.0 - 12-12-2021 *\/\n.elementor-widget-text-editor.elementor-drop-cap-view-stacked .elementor-drop-cap{background-color:#818a91;color:#fff}.elementor-widget-text-editor.elementor-drop-cap-view-framed .elementor-drop-cap{color:#818a91;border:3px solid;background-color:transparent}.elementor-widget-text-editor:not(.elementor-drop-cap-view-default) .elementor-drop-cap{margin-top:8px}.elementor-widget-text-editor:not(.elementor-drop-cap-view-default) .elementor-drop-cap-letter{width:1em;height:1em}.elementor-widget-text-editor .elementor-drop-cap{float:left;text-align:center;line-height:1;font-size:50px}.elementor-widget-text-editor .elementor-drop-cap-letter{display:inline-block}<\/style>\t\t\t\t<p data-pm-slice=\"1 1 []\">Proporcionamos servicios de consultor\u00eda a gobiernos, organizaciones y empresas. Ofrecemos recomendaciones basadas en datos para la toma de decisiones y la formulaci\u00f3n de pol\u00edticas p\u00fablicas. Respondemos de\u00a0 manera precisa y adaptada a los requerimientos de quienes solicitan nuestros servicios.<\/p><p>\u00a0<\/p>\t\t\t\t\t\t<\/div>\n\t\t\t\t<\/div>\n\t\t\t\t\t<\/div>\n\t\t<\/div>\n\t\t\t\t\t\t\t<\/div>\n\t\t<\/section>\n\t\t\t\t<section class=\"has_ma_el_bg_slider elementor-section elementor-top-section elementor-element elementor-element-06fb968 elementor-section-stretched elementor-section-boxed elementor-section-height-default elementor-section-height-default wpr-particle-no wpr-jarallax-no wpr-parallax-no wpr-sticky-section-no\" data-id=\"06fb968\" data-element_type=\"section\" data-settings=\"{&quot;stretch_section&quot;:&quot;section-stretched&quot;}\">\n\t\t\t\t\t\t<div class=\"elementor-container elementor-column-gap-default\">\n\t\t\t\t\t<div class=\"has_ma_el_bg_slider elementor-column elementor-col-33 elementor-top-column elementor-element elementor-element-b98d010\" data-id=\"b98d010\" data-element_type=\"column\">\n\t\t\t<div class=\"elementor-widget-wrap elementor-element-populated\">\n\t\t\t\t\t\t\t\t<div class=\"elementor-element elementor-element-c72fa4f elementor-view-default elementor-widget elementor-widget-icon\" data-id=\"c72fa4f\" data-element_type=\"widget\" data-widget_type=\"icon.default\">\n\t\t\t\t<div class=\"elementor-widget-container\">\n\t\t\t\t\t<div class=\"elementor-icon-wrapper\">\n\t\t\t<div class=\"elementor-icon\">\n\t\t\t<svg xmlns=\"http:\/\/www.w3.org\/2000\/svg\" width=\"800px\" height=\"800px\" viewBox=\"0 0 24 24\" fill=\"#000000\"><g id=\"SVGRepo_bgCarrier\" stroke-width=\"0\"><\/g><g id=\"SVGRepo_tracerCarrier\" stroke-linecap=\"round\" stroke-linejoin=\"round\"><\/g><g id=\"SVGRepo_iconCarrier\"><circle fill=\"#D9793C\" cx=\"7\" cy=\"10\" r=\"1\"><\/circle><circle fill=\"#D9793C\" cx=\"7\" cy=\"14\" r=\"1\"><\/circle><circle fill=\"#D9793C\" cx=\"7\" cy=\"18\" r=\"1\"><\/circle><path fill=\"#D9793C\" d=\"M17.075 11H11.04c-.552 0-1-.448-1-1s.448-1 1-1h6.035c.553 0 1 .448 1 1s-.447 1-1 1zM17.075 15H11.04c-.552 0-1-.448-1-1s.448-1 1-1h6.035c.553 0 1 .448 1 1s-.447 1-1 1zM17.075 19H11.04c-.552 0-1-.447-1-1s.448-1 1-1h6.035c.553 0 1 .447 1 1s-.447 1-1 1z\"><\/path><path fill=\"#D9793C\" d=\"M20 2h-3c0-1.1-.9-2-2-2H9C7.9 0 7 .9 7 2H4c-1.1 0-2 .9-2 2v18c0 1.1.9 2 2 2h16c1.1 0 2-.9 2-2V4c0-1.1-.9-2-2-2zM9 3.5v-1c0-.276.224-.5.5-.5h5c.276 0 .5.224.5.5v1c0 .276-.224.5-.5.5h-5c-.276 0-.5-.224-.5-.5zm11 18v.003c-.003.275-.225.497-.5.497H4.515l-.015.003c-.276 0-.5-.224-.5-.5V4.5c0-.276.224-.5.5-.5H7c0 1.1.9 2 2 2h6c1.1 0 2-.9 2-2h2.5c.277 0 .5.224.5.5v17z\"><\/path><\/g><\/svg>\t\t\t<\/div>\n\t\t<\/div>\n\t\t\t\t<\/div>\n\t\t\t\t<\/div>\n\t\t\t\t<div class=\"elementor-element elementor-element-681bcc2 elementor-widget elementor-widget-heading\" data-id=\"681bcc2\" data-element_type=\"widget\" data-widget_type=\"heading.default\">\n\t\t\t\t<div class=\"elementor-widget-container\">\n\t\t\t<h3 class=\"elementor-heading-title elementor-size-default\">Desarrollo de Recursos<\/h3>\t\t<\/div>\n\t\t\t\t<\/div>\n\t\t\t\t<div class=\"elementor-element elementor-element-51172bf elementor-widget elementor-widget-text-editor\" data-id=\"51172bf\" data-element_type=\"widget\" data-widget_type=\"text-editor.default\">\n\t\t\t\t<div class=\"elementor-widget-container\">\n\t\t\t\t\t\t\t<center><p data-pm-slice=\"1 1 []\">Desarrollar bases de datos confiables y recursos informativos que sirvan como referencia en la comprensi\u00f3n de los asuntos abordados.<\/p><\/center>\t\t\t\t\t\t<\/div>\n\t\t\t\t<\/div>\n\t\t\t\t\t<\/div>\n\t\t<\/div>\n\t\t\t\t<div class=\"has_ma_el_bg_slider elementor-column elementor-col-33 elementor-top-column elementor-element elementor-element-48ec4ce\" data-id=\"48ec4ce\" data-element_type=\"column\">\n\t\t\t<div class=\"elementor-widget-wrap elementor-element-populated\">\n\t\t\t\t\t\t\t\t<div class=\"elementor-element elementor-element-ae5f7d6 elementor-view-default elementor-widget elementor-widget-icon\" data-id=\"ae5f7d6\" data-element_type=\"widget\" data-widget_type=\"icon.default\">\n\t\t\t\t<div class=\"elementor-widget-container\">\n\t\t\t\t\t<div class=\"elementor-icon-wrapper\">\n\t\t\t<div class=\"elementor-icon\">\n\t\t\t<svg xmlns=\"http:\/\/www.w3.org\/2000\/svg\" xmlns:xlink=\"http:\/\/www.w3.org\/1999\/xlink\" height=\"800px\" width=\"800px\" id=\"_x32_\" viewBox=\"0 0 512 512\" xml:space=\"preserve\" fill=\"#000000\"><g id=\"SVGRepo_bgCarrier\" stroke-width=\"0\"><\/g><g id=\"SVGRepo_tracerCarrier\" stroke-linecap=\"round\" stroke-linejoin=\"round\"><\/g><g id=\"SVGRepo_iconCarrier\"> <style type=\"text\/css\"> .st0{fill:#D9793C;} <\/style> <g> <path class=\"st0\" d=\"M435.95,287.525c32.51,0,58.87-26.343,58.87-58.853c0-32.51-26.361-58.871-58.87-58.871 c-32.502,0-58.863,26.361-58.863,58.871C377.088,261.182,403.448,287.525,435.95,287.525z\"><\/path> <path class=\"st0\" d=\"M511.327,344.251c-2.623-15.762-15.652-37.822-25.514-47.677c-1.299-1.306-7.105-1.608-8.673-0.636 c-11.99,7.374-26.074,11.714-41.19,11.714c-15.099,0-29.184-4.34-41.175-11.714c-1.575-0.972-7.373-0.67-8.672,0.636 c-2.757,2.757-5.765,6.427-8.698,10.683c7.935,14.94,14.228,30.81,16.499,44.476c2.27,13.7,1.533,26.67-2.138,38.494 c13.038,4.717,28.673,6.787,44.183,6.787C476.404,397.014,517.804,382.987,511.327,344.251z\"><\/path> <path class=\"st0\" d=\"M254.487,262.691c52.687,0,95.403-42.716,95.403-95.402c0-52.67-42.716-95.386-95.403-95.386 c-52.678,0-95.378,42.716-95.378,95.386C159.109,219.975,201.808,262.691,254.487,262.691z\"><\/path> <path class=\"st0\" d=\"M335.269,277.303c-2.07-2.061-11.471-2.588-14.027-1.006c-19.448,11.966-42.271,18.971-66.755,18.971 c-24.466,0-47.3-7.005-66.738-18.971c-2.555-1.583-11.956-1.055-14.026,1.006c-16.021,16.004-37.136,51.782-41.384,77.288 c-10.474,62.826,56.634,85.508,122.148,85.508c65.532,0,132.639-22.682,122.165-85.508 C372.404,329.085,351.289,293.307,335.269,277.303z\"><\/path> <path class=\"st0\" d=\"M76.049,287.525c32.502,0,58.862-26.343,58.862-58.853c0-32.51-26.36-58.871-58.862-58.871 c-32.511,0-58.871,26.361-58.871,58.871C17.178,261.182,43.538,287.525,76.049,287.525z\"><\/path> <path class=\"st0\" d=\"M115.094,351.733c2.414-14.353,9.225-31.253,17.764-46.88c-2.38-3.251-4.759-6.083-6.955-8.279 c-1.299-1.306-7.097-1.608-8.672-0.636c-11.991,7.374-26.076,11.714-41.182,11.714c-15.108,0-29.202-4.34-41.183-11.714 c-1.568-0.972-7.382-0.67-8.681,0.636c-9.887,9.854-22.882,31.915-25.514,47.677c-6.468,38.736,34.924,52.762,75.378,52.762 c14.437,0,29.016-1.777,41.459-5.84C113.587,379.108,112.757,365.835,115.094,351.733z\"><\/path> <\/g> <\/g><\/svg>\t\t\t<\/div>\n\t\t<\/div>\n\t\t\t\t<\/div>\n\t\t\t\t<\/div>\n\t\t\t\t<div class=\"elementor-element elementor-element-072273c elementor-widget elementor-widget-heading\" data-id=\"072273c\" data-element_type=\"widget\" data-widget_type=\"heading.default\">\n\t\t\t\t<div class=\"elementor-widget-container\">\n\t\t\t<h3 class=\"elementor-heading-title elementor-size-default\">Colaboraci\u00f3n y Redes:<\/h3>\t\t<\/div>\n\t\t\t\t<\/div>\n\t\t\t\t<div class=\"elementor-element elementor-element-2c5df70 elementor-widget elementor-widget-text-editor\" data-id=\"2c5df70\" data-element_type=\"widget\" data-widget_type=\"text-editor.default\">\n\t\t\t\t<div class=\"elementor-widget-container\">\n\t\t\t\t\t\t\t<center><p data-pm-slice=\"1 1 []\">Establecer colaboraciones con instituciones acad\u00e9micas, organismos gubernamentales y organizaciones no gubernamentales para enriquecer la investigaci\u00f3n y ampliar el alcance de los resultados.<\/p><\/center>\t\t\t\t\t\t<\/div>\n\t\t\t\t<\/div>\n\t\t\t\t\t<\/div>\n\t\t<\/div>\n\t\t\t\t<div class=\"has_ma_el_bg_slider elementor-column elementor-col-33 elementor-top-column elementor-element elementor-element-40f32cd\" data-id=\"40f32cd\" data-element_type=\"column\">\n\t\t\t<div class=\"elementor-widget-wrap elementor-element-populated\">\n\t\t\t\t\t\t\t\t<div class=\"elementor-element elementor-element-6436f84 elementor-view-default elementor-widget elementor-widget-icon\" data-id=\"6436f84\" data-element_type=\"widget\" data-widget_type=\"icon.default\">\n\t\t\t\t<div class=\"elementor-widget-container\">\n\t\t\t\t\t<div class=\"elementor-icon-wrapper\">\n\t\t\t<div class=\"elementor-icon\">\n\t\t\t<svg xmlns=\"http:\/\/www.w3.org\/2000\/svg\" fill=\"#000000\" width=\"800px\" height=\"800px\" viewBox=\"0 0 32 32\"><title>hand-holding-globe<\/title><path d=\"M29.064 19.701c-0.421-0.177-0.91-0.28-1.423-0.28-0.577 0-1.123 0.13-1.611 0.362l0.023-0.010-5.778 2.595c0.003-0.047 0.026-0.087 0.026-0.134-0.015-1.371-1.129-2.476-2.502-2.476-0.069 0-0.137 0.003-0.204 0.008l0.009-0.001h-3.783l-4.76-1.395c-0.062-0.020-0.133-0.031-0.207-0.031-0.001 0-0.003 0-0.004 0h-2.169v-0.757c-0-0.414-0.336-0.75-0.75-0.75h-3.883c-0.414 0-0.75 0.336-0.75 0.75v0 12.208c0 0.414 0.336 0.75 0.75 0.75h3.883c0.414-0 0.75-0.336 0.75-0.75v0-1.005c1.818 0.284 3.445 0.742 4.987 1.367l-0.149-0.054c1.15 0.416 2.478 0.656 3.862 0.656 0.007 0 0.014 0 0.021-0h-0.001c0.005 0 0.011 0 0.017 0 1.604 0 3.133-0.319 4.528-0.898l-0.078 0.029c1.243-0.553 2.298-1.136 3.297-1.799l-0.082 0.051c0.338-0.209 0.674-0.418 1.014-0.619 1.633-0.967 2.945-1.816 4.129-2.672 0.579-0.412 1.083-0.819 1.563-1.253l-0.014 0.013c0.373-0.302 0.671-0.682 0.871-1.116l0.008-0.019c0.031-0.079 0.048-0.17 0.048-0.266 0-0.057-0.006-0.112-0.018-0.165l0.001 0.005c-0.146-1.017-0.755-1.866-1.603-2.337l-0.016-0.008zM5.181 29.041h-2.383v-10.709h2.383zM28.719 22.541c-0.412 0.37-0.86 0.729-1.328 1.062l-0.047 0.032c-1.143 0.826-2.418 1.65-4.014 2.596-0.348 0.205-0.691 0.418-1.037 0.631-0.854 0.573-1.837 1.12-2.864 1.586l-0.13 0.053c-1.152 0.474-2.49 0.748-3.892 0.748-1.203 0-2.359-0.203-3.436-0.575l0.074 0.022c-1.555-0.648-3.363-1.145-5.248-1.407l-0.117-0.013v-7.436h2.062l4.76 1.395c0.062 0.020 0.133 0.031 0.207 0.031 0.001 0 0.003 0 0.004 0h3.89c0.883 0 1.197 0.521 1.197 0.969s-0.314 0.969-1.197 0.969h-6.809c-0.414 0-0.75 0.336-0.75 0.75s0.336 0.75 0.75 0.75v0h7.781c0.001 0 0.003 0 0.004 0 0.11 0 0.214-0.024 0.307-0.068l-0.004 0.002 7.795-3.5c0.288-0.132 0.625-0.209 0.98-0.209 0.265 0 0.52 0.043 0.758 0.122l-0.017-0.005c0.383 0.23 0.658 0.604 0.752 1.046l0.002 0.011c-0.136 0.159-0.278 0.302-0.429 0.435l-0.005 0.004zM17 17.767c4.549-0 8.236-3.688 8.236-8.237s-3.688-8.237-8.237-8.237c-4.549 0-8.237 3.687-8.237 8.236v0c0.005 4.547 3.69 8.232 8.237 8.237h0zM10.669 11.75h2.575c0.262 1.578 0.855 2.981 1.707 4.189l-0.021-0.032c-1.997-0.663-3.55-2.182-4.246-4.111l-0.015-0.047zM18.96 6.264l-3.919-0.019c0.397-1.27 1.071-2.356 1.956-3.23l0.001-0.001c0.887 0.881 1.563 1.973 1.947 3.195l0.015 0.055zM19.311 7.766c0.092 0.528 0.146 1.138 0.148 1.761v0.003c0 0.255-0.025 0.482-0.040 0.721h-4.839c-0.015-0.239-0.040-0.466-0.040-0.721 0.003-0.633 0.057-1.25 0.16-1.852l-0.009 0.066zM23.736 9.529c-0.012 0.267-0.038 0.515-0.078 0.759l0.005-0.038h-2.758c0.014-0.245 0.053-0.462 0.053-0.721-0.003-0.622-0.051-1.231-0.139-1.826l0.009 0.070 2.65 0.013c0.155 0.52 0.249 1.119 0.257 1.738l0 0.005zM14.766 11.75h4.468c-0.304 1.693-1.101 3.163-2.234 4.296l-0 0c-1.134-1.133-1.93-2.603-2.227-4.247l-0.007-0.049zM13.094 10.25h-2.759c-0.034-0.206-0.060-0.454-0.072-0.706l-0.001-0.015c0.010-0.647 0.11-1.267 0.289-1.853l-0.012 0.047 2.634 0.013c-0.082 0.537-0.13 1.158-0.133 1.79v0.003c0 0.259 0.040 0.475 0.053 0.721zM19.070 15.907c0.831-1.176 1.424-2.58 1.678-4.098l0.008-0.059h2.574c-0.711 1.975-2.263 3.494-4.213 4.143l-0.047 0.014zM22.866 6.283l-2.349-0.011c-0.32-1.188-0.816-2.228-1.467-3.151l0.021 0.031c1.64 0.545 2.967 1.657 3.778 3.097l0.017 0.034zM14.929 3.152c-0.624 0.882-1.117 1.91-1.422 3.017l-0.016 0.069-2.327-0.011c0.832-1.446 2.145-2.536 3.718-3.061l0.047-0.014z\"><\/path><\/svg>\t\t\t<\/div>\n\t\t<\/div>\n\t\t\t\t<\/div>\n\t\t\t\t<\/div>\n\t\t\t\t<div class=\"elementor-element elementor-element-a625cd2 elementor-widget elementor-widget-heading\" data-id=\"a625cd2\" data-element_type=\"widget\" data-widget_type=\"heading.default\">\n\t\t\t\t<div class=\"elementor-widget-container\">\n\t\t\t<h3 class=\"elementor-heading-title elementor-size-default\">Impacto Social<\/h3>\t\t<\/div>\n\t\t\t\t<\/div>\n\t\t\t\t<div class=\"elementor-element elementor-element-9726528 elementor-widget elementor-widget-text-editor\" data-id=\"9726528\" data-element_type=\"widget\" data-widget_type=\"text-editor.default\">\n\t\t\t\t<div class=\"elementor-widget-container\">\n\t\t\t\t\t\t\t<center><p data-pm-slice=\"1 1 []\">Contribuir a la mejora de la toma de decisiones, la formulaci\u00f3n de pol\u00edticas y la conciencia p\u00fablica a trav\u00e9s de la informaci\u00f3n y el an\u00e1lisis proporcionados.<\/p><\/center>\t\t\t\t\t\t<\/div>\n\t\t\t\t<\/div>\n\t\t\t\t\t<\/div>\n\t\t<\/div>\n\t\t\t\t\t\t\t<\/div>\n\t\t<\/section>\n\t\t\t\t\t\t<\/div>\n\t\t\t\t\t<\/div>\n\t\t","protected":false},"excerpt":{"rendered":"<p>Asesor\u00eda Informada<br \/>\nProporcionamos servicios de consultor\u00eda a gobiernos, organizaciones y empresas. Ofrecemos recomendaciones <\/p>\n","protected":false},"author":114,"featured_media":0,"parent":2129,"menu_order":0,"comment_status":"closed","ping_status":"closed","template":"","meta":{"wpupg_custom_link":[],"wpupg_custom_link_behaviour":["default"],"wpupg_custom_image":[],"wpupg_custom_image_id":[]},"rttpg_featured_image_url":null,"rttpg_author":{"display_name":"","author_link":"https:\/\/www.ufasta.edu.ar\/observatorio\/author\/"},"rttpg_comment":0,"rttpg_category":null,"rttpg_excerpt":"Asesor\u00eda Informada Proporcionamos servicios de consultor\u00eda a gobiernos, organizaciones y empresas. Ofrecemos recomendaciones","_links":{"self":[{"href":"https:\/\/www.ufasta.edu.ar\/observatorio\/wp-json\/wp\/v2\/pages\/3272"}],"collection":[{"href":"https:\/\/www.ufasta.edu.ar\/observatorio\/wp-json\/wp\/v2\/pages"}],"about":[{"href":"https:\/\/www.ufasta.edu.ar\/observatorio\/wp-json\/wp\/v2\/types\/page"}],"author":[{"embeddable":true,"href":"https:\/\/www.ufasta.edu.ar\/observatorio\/wp-json\/wp\/v2\/users\/114"}],"replies":[{"embeddable":true,"href":"https:\/\/www.ufasta.edu.ar\/observatorio\/wp-json\/wp\/v2\/comments?post=3272"}],"version-history":[{"count":25,"href":"https:\/\/www.ufasta.edu.ar\/observatorio\/wp-json\/wp\/v2\/pages\/3272\/revisions"}],"predecessor-version":[{"id":3558,"href":"https:\/\/www.ufasta.edu.ar\/observatorio\/wp-json\/wp\/v2\/pages\/3272\/revisions\/3558"}],"up":[{"embeddable":true,"href":"https:\/\/www.ufasta.edu.ar\/observatorio\/wp-json\/wp\/v2\/pages\/2129"}],"wp:attachment":[{"href":"https:\/\/www.ufasta.edu.ar\/observatorio\/wp-json\/wp\/v2\/media?parent=3272"}],"curies":[{"name":"wp","href":"https:\/\/api.w.org\/{rel}","templated":true}]}}