{"id":252,"date":"2017-11-02T20:59:52","date_gmt":"2017-11-02T20:59:52","guid":{"rendered":"http:\/\/www.ufasta.edu.ar\/investigacion2\/?page_id=252"},"modified":"2019-12-19T13:52:02","modified_gmt":"2019-12-19T13:52:02","slug":"ateneo-de-investigacion-2017","status":"publish","type":"page","link":"https:\/\/www.ufasta.edu.ar\/investigacion\/ateneo-de-investigacion-2017\/","title":{"rendered":"Ateneo de Investigaci\u00f3n 2017"},"content":{"rendered":"<p>\u00c9sta actividad orientada a todos los miembros de la Casa de Estudio que tiene como finalidad la divulgaci\u00f3n cient\u00edfica de las actividades y proyectos de investigaci\u00f3n que se realizan de manera sostenida en las diversas Unidades Acad\u00e9micas.<\/p>\n<p>Ateneo de Investigaci\u00f3n 2017<\/p>\n","protected":false},"excerpt":{"rendered":"<p>\u00c9sta actividad orientada a todos los miembros de la Casa de Estudio que tiene como finalidad la divulgaci\u00f3n cient\u00edfica de las actividades y proyectos de investigaci\u00f3n que se realizan de manera sostenida en las diversas Unidades Acad\u00e9micas. Ateneo de Investigaci\u00f3n 2017<\/p>\n","protected":false},"author":67,"featured_media":0,"parent":0,"menu_order":0,"comment_status":"closed","ping_status":"closed","template":"","meta":[],"_links":{"self":[{"href":"https:\/\/www.ufasta.edu.ar\/investigacion\/wp-json\/wp\/v2\/pages\/252"}],"collection":[{"href":"https:\/\/www.ufasta.edu.ar\/investigacion\/wp-json\/wp\/v2\/pages"}],"about":[{"href":"https:\/\/www.ufasta.edu.ar\/investigacion\/wp-json\/wp\/v2\/types\/page"}],"author":[{"embeddable":true,"href":"https:\/\/www.ufasta.edu.ar\/investigacion\/wp-json\/wp\/v2\/users\/67"}],"replies":[{"embeddable":true,"href":"https:\/\/www.ufasta.edu.ar\/investigacion\/wp-json\/wp\/v2\/comments?post=252"}],"version-history":[{"count":11,"href":"https:\/\/www.ufasta.edu.ar\/investigacion\/wp-json\/wp\/v2\/pages\/252\/revisions"}],"predecessor-version":[{"id":1753,"href":"https:\/\/www.ufasta.edu.ar\/investigacion\/wp-json\/wp\/v2\/pages\/252\/revisions\/1753"}],"wp:attachment":[{"href":"https:\/\/www.ufasta.edu.ar\/investigacion\/wp-json\/wp\/v2\/media?parent=252"}],"curies":[{"name":"wp","href":"https:\/\/api.w.org\/{rel}","templated":true}]}}