{"id":1311,"date":"2019-04-04T21:33:27","date_gmt":"2019-04-04T21:33:27","guid":{"rendered":"https:\/\/www.ufasta.edu.ar\/investigacion2\/?page_id=1311"},"modified":"2024-02-29T12:34:29","modified_gmt":"2024-02-29T12:34:29","slug":"linea-de-investigacion-competencias-en-educacion-superior","status":"publish","type":"page","link":"https:\/\/www.ufasta.edu.ar\/investigacion\/linea-de-investigacion-competencias-en-educacion-superior\/","title":{"rendered":"L\u00ednea de Investigaci\u00f3n Ciencias aplicadas a la Motricidad Humana y Rendimiento Motor"},"content":{"rendered":"\t\t<div data-elementor-type=\"wp-page\" data-elementor-id=\"1311\" class=\"elementor elementor-1311\" data-elementor-settings=\"[]\">\n\t\t\t\t\t\t<div class=\"elementor-inner\">\n\t\t\t\t\t\t\t<div class=\"elementor-section-wrap\">\n\t\t\t\t\t\t\t<section class=\"has_ma_el_bg_slider elementor-section elementor-top-section elementor-element elementor-element-c96aa3c elementor-section-full_width elementor-section-height-default elementor-section-height-default wpr-particle-no wpr-jarallax-no wpr-parallax-no wpr-sticky-section-no\" data-id=\"c96aa3c\" data-element_type=\"section\">\n\t\t\t\t\t\t<div class=\"elementor-container elementor-column-gap-default\">\n\t\t\t\t\t\t\t<div class=\"elementor-row\">\n\t\t\t\t\t\t\t\t\t<\/div>\n\t\t\t\t\t<\/div>\n\t\t<\/section>\n\t\t\t\t<section class=\"has_ma_el_bg_slider elementor-section elementor-top-section elementor-element elementor-element-c7d2231 elementor-section-boxed elementor-section-height-default elementor-section-height-default wpr-particle-no wpr-jarallax-no wpr-parallax-no wpr-sticky-section-no\" data-id=\"c7d2231\" data-element_type=\"section\">\n\t\t\t\t\t\t<div class=\"elementor-container elementor-column-gap-default\">\n\t\t\t\t\t\t\t<div class=\"elementor-row\">\n\t\t\t\t\t<div class=\"has_ma_el_bg_slider elementor-column elementor-col-100 elementor-top-column elementor-element elementor-element-4f1b090\" data-id=\"4f1b090\" data-element_type=\"column\">\n\t\t\t<div class=\"elementor-column-wrap elementor-element-populated\">\n\t\t\t\t\t\t\t<div class=\"elementor-widget-wrap\">\n\t\t\t\t\t\t<div class=\"elementor-element elementor-element-e74342d elementor-widget elementor-widget-heading\" data-id=\"e74342d\" data-element_type=\"widget\" data-widget_type=\"heading.default\">\n\t\t\t\t<div class=\"elementor-widget-container\">\n\t\t\t<h2 class=\"elementor-heading-title elementor-size-default\">L\u00ednea de investigaci\u00f3n<\/h2>\t\t<\/div>\n\t\t\t\t<\/div>\n\t\t\t\t\t\t<\/div>\n\t\t\t\t\t<\/div>\n\t\t<\/div>\n\t\t\t\t\t\t\t\t<\/div>\n\t\t\t\t\t<\/div>\n\t\t<\/section>\n\t\t\t\t<section class=\"has_ma_el_bg_slider elementor-section elementor-top-section elementor-element elementor-element-7e060c47 elementor-section-boxed elementor-section-height-default elementor-section-height-default wpr-particle-no wpr-jarallax-no wpr-parallax-no wpr-sticky-section-no\" data-id=\"7e060c47\" data-element_type=\"section\">\n\t\t\t\t\t\t<div class=\"elementor-container elementor-column-gap-default\">\n\t\t\t\t\t\t\t<div class=\"elementor-row\">\n\t\t\t\t\t<div class=\"has_ma_el_bg_slider elementor-column elementor-col-100 elementor-top-column elementor-element elementor-element-37bec315\" data-id=\"37bec315\" data-element_type=\"column\">\n\t\t\t<div class=\"elementor-column-wrap elementor-element-populated\">\n\t\t\t\t\t\t\t<div class=\"elementor-widget-wrap\">\n\t\t\t\t\t\t<div class=\"elementor-element elementor-element-1bc73605 elementor-widget elementor-widget-heading\" data-id=\"1bc73605\" data-element_type=\"widget\" data-widget_type=\"heading.default\">\n\t\t\t\t<div class=\"elementor-widget-container\">\n\t\t\t<h3 class=\"elementor-heading-title elementor-size-default\">Ciencias aplicadas a la Motricidad Humana y Rendimiento\nMotor<\/span><\/h3>\t\t<\/div>\n\t\t\t\t<\/div>\n\t\t\t\t\t\t<\/div>\n\t\t\t\t\t<\/div>\n\t\t<\/div>\n\t\t\t\t\t\t\t\t<\/div>\n\t\t\t\t\t<\/div>\n\t\t<\/section>\n\t\t\t\t<section class=\"has_ma_el_bg_slider elementor-section elementor-top-section elementor-element elementor-element-2bd1403c elementor-section-boxed elementor-section-height-default elementor-section-height-default wpr-particle-no wpr-jarallax-no wpr-parallax-no wpr-sticky-section-no\" data-id=\"2bd1403c\" data-element_type=\"section\">\n\t\t\t\t\t\t<div class=\"elementor-container elementor-column-gap-default\">\n\t\t\t\t\t\t\t<div class=\"elementor-row\">\n\t\t\t\t\t<div class=\"has_ma_el_bg_slider elementor-column elementor-col-50 elementor-top-column elementor-element elementor-element-1768d18\" data-id=\"1768d18\" data-element_type=\"column\">\n\t\t\t<div class=\"elementor-column-wrap elementor-element-populated\">\n\t\t\t\t\t\t\t<div class=\"elementor-widget-wrap\">\n\t\t\t\t\t\t<div class=\"elementor-element elementor-element-32e8a5eb elementor-widget elementor-widget-text-editor\" data-id=\"32e8a5eb\" data-element_type=\"widget\" data-widget_type=\"text-editor.default\">\n\t\t\t\t<div class=\"elementor-widget-container\">\n\t\t\t\t\t\t\t\t<div class=\"elementor-text-editor elementor-clearfix\">\n\t\t\t\t<p>Est\u00e1 l\u00ednea de Investigaci\u00f3n es promovida desde las Ciencias de la Educaci\u00f3n F\u00edsica y perteneciente a la Facultad de Ciencias de la Educaci\u00f3n de la UFASTA.<\/p><p>Contactate a trav\u00e9s de investigacion@ufasta.edu.ar<\/p>\t\t\t\t\t<\/div>\n\t\t\t\t\t\t<\/div>\n\t\t\t\t<\/div>\n\t\t\t\t\t\t<\/div>\n\t\t\t\t\t<\/div>\n\t\t<\/div>\n\t\t\t\t<div class=\"has_ma_el_bg_slider elementor-column elementor-col-50 elementor-top-column elementor-element elementor-element-74e887c3\" data-id=\"74e887c3\" data-element_type=\"column\">\n\t\t\t<div class=\"elementor-column-wrap elementor-element-populated\">\n\t\t\t\t\t\t\t<div class=\"elementor-widget-wrap\">\n\t\t\t\t\t\t<div class=\"elementor-element elementor-element-29b65535 elementor-widget elementor-widget-image\" data-id=\"29b65535\" data-element_type=\"widget\" data-widget_type=\"image.default\">\n\t\t\t\t<div class=\"elementor-widget-container\">\n\t\t\t\t\t\t\t\t<div class=\"elementor-image\">\n\t\t\t\t\t\t\t\t\t\t\t\t<img width=\"300\" height=\"159\" src=\"https:\/\/www.ufasta.edu.ar\/investigacion\/files\/2022\/03\/articulo-15-octubre-300x159.jpg\" class=\"attachment-medium size-medium\" alt=\"\" loading=\"lazy\" srcset=\"https:\/\/www.ufasta.edu.ar\/investigacion\/files\/2022\/03\/articulo-15-octubre-300x159.jpg 300w, https:\/\/www.ufasta.edu.ar\/investigacion\/files\/2022\/03\/articulo-15-octubre-768x407.jpg 768w, https:\/\/www.ufasta.edu.ar\/investigacion\/files\/2022\/03\/articulo-15-octubre-830x440.jpg 830w, https:\/\/www.ufasta.edu.ar\/investigacion\/files\/2022\/03\/articulo-15-octubre-230x122.jpg 230w, https:\/\/www.ufasta.edu.ar\/investigacion\/files\/2022\/03\/articulo-15-octubre-350x186.jpg 350w, https:\/\/www.ufasta.edu.ar\/investigacion\/files\/2022\/03\/articulo-15-octubre-480x254.jpg 480w, https:\/\/www.ufasta.edu.ar\/investigacion\/files\/2022\/03\/articulo-15-octubre.jpg 1000w\" sizes=\"(max-width: 300px) 100vw, 300px\" \/>\t\t\t\t\t\t\t\t\t\t\t\t\t\t<\/div>\n\t\t\t\t\t\t<\/div>\n\t\t\t\t<\/div>\n\t\t\t\t\t\t<\/div>\n\t\t\t\t\t<\/div>\n\t\t<\/div>\n\t\t\t\t\t\t\t\t<\/div>\n\t\t\t\t\t<\/div>\n\t\t<\/section>\n\t\t\t\t<section class=\"has_ma_el_bg_slider elementor-section elementor-top-section elementor-element elementor-element-2eff3d8e elementor-section-boxed elementor-section-height-default elementor-section-height-default wpr-particle-no wpr-jarallax-no wpr-parallax-no wpr-sticky-section-no\" data-id=\"2eff3d8e\" data-element_type=\"section\">\n\t\t\t\t\t\t<div class=\"elementor-container elementor-column-gap-default\">\n\t\t\t\t\t\t\t<div class=\"elementor-row\">\n\t\t\t\t\t<div class=\"has_ma_el_bg_slider elementor-column elementor-col-100 elementor-top-column elementor-element elementor-element-5cf4b493\" data-id=\"5cf4b493\" data-element_type=\"column\">\n\t\t\t<div class=\"elementor-column-wrap elementor-element-populated\">\n\t\t\t\t\t\t\t<div class=\"elementor-widget-wrap\">\n\t\t\t\t\t\t<div class=\"elementor-element elementor-element-52b92aa9 elementor-widget elementor-widget-heading\" data-id=\"52b92aa9\" data-element_type=\"widget\" data-widget_type=\"heading.default\">\n\t\t\t\t<div class=\"elementor-widget-container\">\n\t\t\t<h3 class=\"elementor-heading-title elementor-size-default\">Fundamentaci\u00f3n <\/h3>\t\t<\/div>\n\t\t\t\t<\/div>\n\t\t\t\t<div class=\"elementor-element elementor-element-14c66ed6 elementor-widget elementor-widget-text-editor\" data-id=\"14c66ed6\" data-element_type=\"widget\" data-widget_type=\"text-editor.default\">\n\t\t\t\t<div class=\"elementor-widget-container\">\n\t\t\t\t\t\t\t\t<div class=\"elementor-text-editor elementor-clearfix\">\n\t\t\t\t<p>Se considera como una oportunidad para las distintas Unidades Acad\u00e9micas de la Universidad FASTA la generaci\u00f3n de una l\u00ednea de Investigaci\u00f3n vinculada con las Ciencias aplicadas a la motricidad humana y el rendimiento motor. Esta herramienta permitir\u00e1 a alumnos, exalumnos, docentes e investigadores de la Universidad disponer de un espacio acad\u00e9mico para comenzar a desarrollarse cient\u00edficamente en el \u00e1mbito de estas disciplinas.<\/p><p>En la actualidad se percibe a la motricidad como toda manifestaci\u00f3n de la persona a trav\u00e9s de su corporeidad, lo cual supone m\u00faltiples estrategias de expresi\u00f3n que forman parte de la compleja realidad del<br \/>ser humano. De esta manera, desde un aporte cient\u00edfico, se hace hincapi\u00e9 en el estudio de las situaciones motrices, entre las que se pueden incluir las actividades f\u00edsicas l\u00fadicas, de ocio, deportivas y c\u00f3mo se desarrollan en cuanto a condiciones, modos de funcionamiento y resultados de sus acciones.<\/p><p>Tal como lo plantea S\u00e9rgio, M. 1999, \u0308las Ciencias de la Motricidad Humana puede definirse como una como ciencia de comprensi\u00f3n y de la explicaci\u00f3n de las conductas motoras, visando el estudio y constantes tendencias de la motricidad humana, en orden al desenvolvimiento global del individuo y de la sociedad y teniendo como fundamento simult\u00e1neo lo f\u00edsico, lo biol\u00f3gico y lo antroposociol\u00f3gico \u0308 (p. 58). Para este autor, son subsistemas m\u00e1s visibles de este campo del saber: el deporte y el juego deportivo, la danza, la<br \/>expresi\u00f3n corporal. Con ello, se puede establecer lo abarcativo de la disciplina, con lo cual se supone una dificultad para la clasificaci\u00f3n y sistematizaci\u00f3n de los saberes en \u00e1reas de conocimiento espec\u00edficas.<\/p><p>De esta manera, la operacionalizaci\u00f3n de las Ciencias aplicadas a la motricidad humana y el rendimiento motor plantea la necesaria unidad bioantroposociocultural y pol\u00edtica. Esto implica que cabe a los<br \/>profesionales trabajar a partir de la complejidad, en los ejercicios y en las acciones, que sus alumnos, atletas, disc\u00edpulos o pacientes asumen, permitiendo varios objetivos, tales como: la salud, la educaci\u00f3n, el tiempo libre, el trabajo, la competici\u00f3n deportiva. Por ello, ya no es conveniente centrarse en el concepto de Educaci\u00f3n f\u00edsica, el cual se encuentra como limitado frente a un nuevo paradigma que incluye la dimensi\u00f3n del hombre que surge como ser, conciencia y valor. Y en este concepto, se asemeja a la<br \/>concepci\u00f3n de la persona de la Universidad FASTA, con un enfoque centrado en el hombre como ser destinado a trascender, a perfeccionarse, a ser una mejor versi\u00f3n de s\u00ed mismo a partir de sus potencialidades.<\/p><p>El paradigma de la Motricidad Humana no representa una nueva forma de llamar a la Educaci\u00f3n F\u00edsica, ni tampoco una manera con atisbos de intelectualidad de mirar al deporte, sino que nace como un nuevo<br \/>paradigma de lo humano, siendo uno de sus valores principales la \u201cacci\u00f3n\u201d, la cual constituye pensamiento, intenci\u00f3n y emoci\u00f3n, conformando as\u00ed un eje de conocimiento, donde la cultura se concibe<br \/>como un conocimiento vivido o encarnado (S\u00e9rgio, 1999). Es as\u00ed que este enfoque constituye una oportunidad de reformar e innovar sobre las formas y concepciones que ha tenido el campo de la Educaci\u00f3n F\u00edsica, permitiendo trascender y dejar atr\u00e1s una disciplina que ha centrado su trabajo en una concepci\u00f3n de hombre instrumentalizada, donde su cuerpo debe ser instruido a trav\u00e9s de la pr\u00e1ctica de un<br \/>movimiento supuestamente educativo.<br \/>Es por esta raz\u00f3n que se torna fundamental desarrollar una l\u00ednea de investigaci\u00f3n para el acompa\u00f1amiento<br \/>acad\u00e9mico de los aprendizajes que se trabajan en distintas carreras orientadas a la motricidad y la corporeidad, tanto desde el \u00e1mbito de la salud, como de la producci\u00f3n tecnolog\u00edas, bienes y servicios o desde la educaci\u00f3n. Es importante volcar una mirada integradora a trav\u00e9s de las diversas disciplinas presentes en la oferta acad\u00e9mica de la Universidad FASTA, que generen conocimientos susceptibles de<br \/>contribuir a las Ciencias de aplicadas a la motricidad humana y el rendimiento motor, dado que a trav\u00e9s de esa interdisciplinariedad se constituye su objeto de estudio.<\/p>\t\t\t\t\t<\/div>\n\t\t\t\t\t\t<\/div>\n\t\t\t\t<\/div>\n\t\t\t\t\t\t<\/div>\n\t\t\t\t\t<\/div>\n\t\t<\/div>\n\t\t\t\t\t\t\t\t<\/div>\n\t\t\t\t\t<\/div>\n\t\t<\/section>\n\t\t\t\t<section class=\"has_ma_el_bg_slider elementor-section elementor-top-section elementor-element elementor-element-596632c elementor-section-boxed elementor-section-height-default elementor-section-height-default wpr-particle-no wpr-jarallax-no wpr-parallax-no wpr-sticky-section-no\" data-id=\"596632c\" data-element_type=\"section\">\n\t\t\t\t\t\t<div class=\"elementor-container elementor-column-gap-default\">\n\t\t\t\t\t\t\t<div class=\"elementor-row\">\n\t\t\t\t\t<div class=\"has_ma_el_bg_slider elementor-column elementor-col-100 elementor-top-column elementor-element elementor-element-2364180\" data-id=\"2364180\" data-element_type=\"column\">\n\t\t\t<div class=\"elementor-column-wrap elementor-element-populated\">\n\t\t\t\t\t\t\t<div class=\"elementor-widget-wrap\">\n\t\t\t\t\t\t<div class=\"elementor-element elementor-element-ae1bc88 elementor-widget elementor-widget-heading\" data-id=\"ae1bc88\" data-element_type=\"widget\" data-widget_type=\"heading.default\">\n\t\t\t\t<div class=\"elementor-widget-container\">\n\t\t\t<h3 class=\"elementor-heading-title elementor-size-default\">Expectativas de desarrollo:<\/h3>\t\t<\/div>\n\t\t\t\t<\/div>\n\t\t\t\t<div class=\"elementor-element elementor-element-85c3ecd elementor-widget elementor-widget-text-editor\" data-id=\"85c3ecd\" data-element_type=\"widget\" data-widget_type=\"text-editor.default\">\n\t\t\t\t<div class=\"elementor-widget-container\">\n\t\t\t\t\t\t\t\t<div class=\"elementor-text-editor elementor-clearfix\">\n\t\t\t\t<p>Se espera que la Universidad FASTA sea referente en lo concerniente al desarrollo de proyectos de<br \/>investigaci\u00f3n en el \u00e1mbito de las Ciencias de la motricidad humana y el rendimiento motor a nivel local y<br \/>nacional.<br \/>Por lo tanto, se considera que la generaci\u00f3n de esta l\u00ednea de investigaci\u00f3n permitir\u00e1:<br \/>-Promover la investigaci\u00f3n en el campo disciplinar, con los graduados de carreras vinculadas con<br \/>las Ciencias de la Motricidad humana y rendimiento motor.<br \/>-Colaborar en la formulaci\u00f3n de los proyectos de capacitaci\u00f3n en el \u00e1rea de investigaci\u00f3n aplicada<br \/>en la carrera de grado y de posgrado en Educaci\u00f3n F\u00edsica.<br \/>-Convertirse paulatinamente en un polo acad\u00e9mico de desarrollo en el \u00e1mbito de la investigaci\u00f3n de<br \/>las ciencias de la motricidad y el deporte.<br \/>-Fortalecer la formaci\u00f3n de los grupos de trabajos que presenten proyectos en esta l\u00ednea de investigaci\u00f3n.<br \/>-Propiciar la generaci\u00f3n de convenios interinstitucionales vinculados a la investigaci\u00f3n con<br \/>instituciones p\u00fablicas o privadas.<br \/>-Propiciar los trabajos transdisciplinarios.<br \/>-Propiciar la publicaci\u00f3n de trabajos cient\u00edficos en distintos medios de divulgaci\u00f3n.<br \/>-Estimular a estudiantes y profesionales del campo disciplinar a participar en sitios de divulgaci\u00f3n<br \/>cient\u00edfica.<br \/>-Continuar con el trabajo de investigaci\u00f3n de ciertas evaluaciones de capacidades condicionales y coordinativas en el \u00e1mbito del segundo ciclo de la educaci\u00f3n primaria.<br \/>-Ampliar a mediano plazo, el trabajo anteriormente mencionado a toda la educaci\u00f3n primaria.<br \/>-Propiciar la divulgaci\u00f3n de los trabajos realizados.<\/p>\t\t\t\t\t<\/div>\n\t\t\t\t\t\t<\/div>\n\t\t\t\t<\/div>\n\t\t\t\t\t\t<\/div>\n\t\t\t\t\t<\/div>\n\t\t<\/div>\n\t\t\t\t\t\t\t\t<\/div>\n\t\t\t\t\t<\/div>\n\t\t<\/section>\n\t\t\t\t\t\t<\/div>\n\t\t\t\t\t\t<\/div>\n\t\t\t\t\t<\/div>\n\t\t","protected":false},"excerpt":{"rendered":"<p>L\u00ednea de investigaci\u00f3n Ciencias aplicadas a la Motricidad Humana y Rendimiento Motor Est\u00e1 l\u00ednea de Investigaci\u00f3n es promovida desde las Ciencias de la Educaci\u00f3n F\u00edsica y perteneciente a la Facultad de Ciencias de la Educaci\u00f3n de la UFASTA. Contactate a trav\u00e9s de investigacion@ufasta.edu.ar Fundamentaci\u00f3n Se considera como una oportunidad para las distintas Unidades Acad\u00e9micas de [&hellip;]<\/p>\n","protected":false},"author":105,"featured_media":0,"parent":0,"menu_order":0,"comment_status":"closed","ping_status":"closed","template":"elementor_header_footer","meta":[],"_links":{"self":[{"href":"https:\/\/www.ufasta.edu.ar\/investigacion\/wp-json\/wp\/v2\/pages\/1311"}],"collection":[{"href":"https:\/\/www.ufasta.edu.ar\/investigacion\/wp-json\/wp\/v2\/pages"}],"about":[{"href":"https:\/\/www.ufasta.edu.ar\/investigacion\/wp-json\/wp\/v2\/types\/page"}],"author":[{"embeddable":true,"href":"https:\/\/www.ufasta.edu.ar\/investigacion\/wp-json\/wp\/v2\/users\/105"}],"replies":[{"embeddable":true,"href":"https:\/\/www.ufasta.edu.ar\/investigacion\/wp-json\/wp\/v2\/comments?post=1311"}],"version-history":[{"count":28,"href":"https:\/\/www.ufasta.edu.ar\/investigacion\/wp-json\/wp\/v2\/pages\/1311\/revisions"}],"predecessor-version":[{"id":10141,"href":"https:\/\/www.ufasta.edu.ar\/investigacion\/wp-json\/wp\/v2\/pages\/1311\/revisions\/10141"}],"wp:attachment":[{"href":"https:\/\/www.ufasta.edu.ar\/investigacion\/wp-json\/wp\/v2\/media?parent=1311"}],"curies":[{"name":"wp","href":"https:\/\/api.w.org\/{rel}","templated":true}]}}