{"id":103,"date":"2017-10-31T18:31:56","date_gmt":"2017-10-31T18:31:56","guid":{"rendered":"http:\/\/www.ufasta.edu.ar\/investigacion2\/?page_id=103"},"modified":"2019-12-19T13:52:18","modified_gmt":"2019-12-19T13:52:18","slug":"departamento-de-formacion-humanistica","status":"publish","type":"page","link":"https:\/\/www.ufasta.edu.ar\/investigacion\/departamento-de-formacion-humanistica\/","title":{"rendered":"Escuela de Humanidades"},"content":{"rendered":"<h4><span style=\"font-family: tahoma, arial, helvetica, sans-serif\"><img loading=\"lazy\" class=\"aligncenter\" src=\"https:\/\/www.ufasta.edu.ar\/investigacion2\/files\/2019\/07\/HUMANIDADES.png\" alt=\"\" width=\"400\" height=\"80\" \/><\/span><\/h4>\n<blockquote>\n<p style=\"text-align: justify\"><span style=\"font-family: tahoma, arial, helvetica, sans-serif\"><strong>Grupos de Investigaci\u00f3n<\/strong><\/span><\/p>\n<\/blockquote>\n<ul>\n<li style=\"text-align: justify\"><span style=\"font-family: tahoma, arial, helvetica, sans-serif\"><a href=\"https:\/\/www.ufasta.edu.ar\/investigacion2\/grupo-interdisciplinario-de-estudios-humanisticos-y-sociales\/\">Grupo Interdisciplinario de Estudios Human\u00edsticos y Sociales<\/a><\/span><\/li>\n<\/ul>\n<blockquote>\n<p style=\"text-align: justify\"><span style=\"font-family: tahoma, arial, helvetica, sans-serif\"><strong>Proyectos de Investigaci\u00f3n actuales<\/strong><\/span><\/p>\n<\/blockquote>\n<ul>\n<li><a href=\"https:\/\/www.ufasta.edu.ar\/investigacion2\/proyecto-la-construccion-de-saberes-pedagogicos-educacion-politicas-publicas-y-lenguaje-no-verbal\/\"><span style=\"font-family: tahoma, arial, helvetica, sans-serif\">Proyecto &#8211; La construcci\u00f3n de saberes pedag\u00f3gicos. Educaci\u00f3n, pol\u00edticas p\u00fablicas y lenguaje no verbal<\/span><\/a><\/li>\n<\/ul>\n<blockquote>\n<p style=\"text-align: justify\"><span style=\"font-family: tahoma, arial, helvetica, sans-serif\"><strong>Proyectos finalizados<\/strong><\/span><\/p>\n<\/blockquote>\n<ul>\n<li style=\"text-align: justify\"><span style=\"font-family: tahoma, arial, helvetica, sans-serif\"><a href=\"https:\/\/www.ufasta.edu.ar\/investigacion2\/proyecto-de-investigacion-los-dilemas-de-la-responsabilidad-una-mirada-interdisciplinaria\/\">Los dilemas de la responsabilidad. Una mirada interdisciplinaria<\/a><\/span><\/li>\n<li style=\"text-align: justify\"><span style=\"font-family: tahoma, arial, helvetica, sans-serif\"><a href=\"https:\/\/www.ufasta.edu.ar\/investigacion2\/proyecto-de-investigacion-el-sufrimiento-sentido-y-respuesta\/\">El sufrimiento: sentido y respuesta<\/a><\/span><\/li>\n<\/ul>\n","protected":false},"excerpt":{"rendered":"<p>Grupos de Investigaci\u00f3n Grupo Interdisciplinario de Estudios Human\u00edsticos y Sociales Proyectos de Investigaci\u00f3n actuales Proyecto &#8211; La construcci\u00f3n de saberes pedag\u00f3gicos. Educaci\u00f3n, pol\u00edticas p\u00fablicas y lenguaje no verbal Proyectos finalizados Los dilemas de la responsabilidad. Una mirada interdisciplinaria El sufrimiento: sentido y respuesta<\/p>\n","protected":false},"author":105,"featured_media":0,"parent":0,"menu_order":0,"comment_status":"closed","ping_status":"closed","template":"","meta":[],"_links":{"self":[{"href":"https:\/\/www.ufasta.edu.ar\/investigacion\/wp-json\/wp\/v2\/pages\/103"}],"collection":[{"href":"https:\/\/www.ufasta.edu.ar\/investigacion\/wp-json\/wp\/v2\/pages"}],"about":[{"href":"https:\/\/www.ufasta.edu.ar\/investigacion\/wp-json\/wp\/v2\/types\/page"}],"author":[{"embeddable":true,"href":"https:\/\/www.ufasta.edu.ar\/investigacion\/wp-json\/wp\/v2\/users\/105"}],"replies":[{"embeddable":true,"href":"https:\/\/www.ufasta.edu.ar\/investigacion\/wp-json\/wp\/v2\/comments?post=103"}],"version-history":[{"count":22,"href":"https:\/\/www.ufasta.edu.ar\/investigacion\/wp-json\/wp\/v2\/pages\/103\/revisions"}],"predecessor-version":[{"id":2261,"href":"https:\/\/www.ufasta.edu.ar\/investigacion\/wp-json\/wp\/v2\/pages\/103\/revisions\/2261"}],"wp:attachment":[{"href":"https:\/\/www.ufasta.edu.ar\/investigacion\/wp-json\/wp\/v2\/media?parent=103"}],"curies":[{"name":"wp","href":"https:\/\/api.w.org\/{rel}","templated":true}]}}